ite number?
False
Is 4056322297 a composite number?
True
Is 3024528799 a composite number?
True
Is 1743308933 prime?
True
Is 400915889 a composite number?
True
Is 16025720873 a composite number?
False
Is 735940391 composite?
False
Is 8004310781 a composite number?
False
Is 15743750413 prime?
False
Is 90732582595 a composite number?
True
Is 26000879221 composite?
False
Is 107122003 a prime number?
True
Is 18747892283 prime?
True
Is 163849854037 prime?
False
Is 7846780723 prime?
True
Is 25460049103 a prime number?
True
Is 9121687541 composite?
False
Is 11127299537 a prime number?
True
Is 305342057 a prime number?
False
Is 3501327853 prime?
True
Is 7281101671 prime?
False
Is 668853214 prime?
False
Is 12728299817 prime?
False
Is 711021007 composite?
False
Is 8669557189 prime?
True
Is 32718072239 composite?
False
Is 4295674813 composite?
False
Is 414224723 composite?
True
Is 1032921101 prime?
False
Is 615492727 a prime number?
False
Is 744714137 prime?
False
Is 1948062731 prime?
True
Is 2513712499 a composite number?
True
Is 8139534749 a prime number?
True
Is 59300835845 prime?
False
Is 4316087119 a composite number?
False
Is 26094403 composite?
True
Is 3181632847 a composite number?
False
Is 157915193 a prime number?
False
Is 11928363563 composite?
False
Is 2470128257 a prime number?
False
Is 23486712671 a composite number?
False
Is 5517643049 a composite number?
False
Is 34837395973 prime?
False
Is 21962337739 composite?
True
Is 418083241 prime?
False
Is 604319293 composite?
False
Is 13231119151 composite?
True
Is 30552542455 a composite number?
True
Is 20060509 prime?
False
Is 27315881993 prime?
False
Is 3100761289 composite?
False
Is 3962487089 a composite number?
True
Is 9054309193 a composite number?
False
Is 3428059619 a prime number?
False
Is 7127864807 a prime number?
False
Is 208203637 a composite number?
False
Is 236288142593 prime?
True
Is 8028600571 composite?
False
Is 547705063 a composite number?
False
Is 149049930853 prime?
True
Is 1116879551 a composite number?
False
Is 398226509 a prime number?
True
Is 8800732087 composite?
True
Is 2396115247 a composite number?
False
Is 437018027 composite?
False
Is 1175963973 a composite number?
True
Is 20835555547 composite?
True
Is 5923890767 composite?
True
Is 631327363 a prime number?
False
Is 61854910699 composite?
True
Is 408048132317 a composite number?
True
Is 55500912371 a composite number?
False
Is 17370304447 prime?
False
Is 41134729703 prime?
False
Is 24027614841 a prime number?
False
Is 1825601039 a composite number?
False
Is 65417194567 prime?
True
Is 33076400549 prime?
False
Is 52455535357 a composite number?
False
Is 10687355351 composite?
False
Is 480079469 a composite number?
False
Is 15802940741 composite?
True
Is 101037757 a prime number?
False
Is 692956837 a prime number?
True
Is 2164999409 a composite number?
False
Is 948118757 prime?
True
Is 965371777 composite?
False
Is 1063113421 prime?
True
Is 5407436063 a composite number?
False
Is 628776803 prime?
True
Is 31734016379 prime?
False
Is 598170779 prime?
True
Is 3001465409 composite?
False
Is 1439006077 composite?
True
Is 5185142873 composite?
True
Is 343044721 prime?
True
Is 18727703567 composite?
False
Is 23320969657 composite?
False
Is 316598903 prime?
False
Is 32447622617 a composite number?
False
Is 14273257079 a composite number?
True
Is 8972373541 composite?
True
Is 2767804817 prime?
False
Is 15496843201 a prime number?
False
Is 2839683023 composite?
False
Is 1730441087 a composite number?
True
Is 59185663 composite?
False
Is 32774774407 composite?
False
Is 2351772971 a composite number?
True
Is 922839479 composite?
True
Is 42902503697 prime?
True
Is 3016745839 prime?
True
Is 8666475283 a prime number?
False
Is 2248361303 composite?
True
Is 4249822477 composite?
False
Is 2018666579 a prime number?
True
Is 59441644111 composite?
False
Is 232743001037 prime?
False
Is 272253127 composite?
True
Is 922763047 a prime number?
False
Is 19344128497 a prime number?
True
Is 161997151 a composite number?
True
Is 1044854179 a composite number?
False
Is 48829421041 a prime number?
True
Is 25658264117 a composite number?
False
Is 144870665149 a prime number?
False
Is 456498271 a composite number?
False
Is 99260371 composite?
True
Is 59068746971 a composite number?
True
Is 127785599 a composite number?
False
Is 1109427703 prime?
False
Is 8636515021 a prime number?
True
Is 7112537149 a composite number?
True
Is 6076434059 a prime number?
True
Is 50576499769 a prime number?
True
Is 651269747 prime?
True
Is 655298521 composite?
True
Is 53475678559 prime?
False
Is 2510672233 composite?
False
Is 6454077989 prime?
False
Is 477414599 a prime number?
True
Is 2507206001 prime?
True
Is 1350013153 prime?
True
Is 28734834127 a composite number?
False
Is 470764589 a composite number?
False
Is 571098413 prime?
False
Is 90830858087 prime?
False
Is 43882973 a composite number?
True
Is 4580218813 composite?
False
Is 1967100589 prime?
True
Is 1846591001 a composite number?
False
Is 2287282271 a prime number?
True
Is 330220897 a composite number?
True
Is 10967107061 a prime number?
False
Is 124440839723 prime?
True
Is 66914553257 a composite number?
True
Is 67954583 prime?
False
Is 68384362147 a prime number?
False
Is 28583940362 a composite number?
True
Is 34106589053 prime?
True
Is 4326632155 prime?
False
Is 27352420397 prime?
True
Is 633142267 a prime number?
False
Is 844879232797 a prime number?
True
Is 5258178493 composite?
True
Is 103430971703 a composite number?
True
Is 24245091755 prime?
False
Is 3105789899 prime?
True
Is 516181639 composite?
False
Is 716041187 composite?
False
Is 13573123631 a composite number?
True
Is 24863407463 composite?
False
Is 2421571429 a prime number?
True
Is 96068820043 a prime number?
False
Is 30396537238 composite?
True
Is 85867879 prime?
True
Is 69992099 composite?
False
Is 10805084917 a prime number?
False
Is 2819674877 a prime number?
False
Is 987533207 prime?
True
Is 316768687 composite?
False
Is 6279157013 a prime number?
True
Is 14446684453 prime?
True
Is 1260028903 prime?
False
Is 457443911 a composite number?
False
Is 2485874719 composite?
False
Is 12439971967 composite?
True
Is 4431613807 a prime number?
False
Is 78420857113 a prime number?
False
Is 850521941 composite?
True
Is 9083949137 prime?
False
Is 1864618037 a composite number?
False
Is 11988578793 a prime number?
False
Is 13342931449 prime?
True
Is 2288915753 prime?
False
Is 198162983 prime?
True
Is 414207641 a prime number?
False
Is 20900319863 a composite number?
False
Is 265426323 a composite number?
True
Is 177494769827 composite?
False
Is 1051092619 prime?
True
Is 1625267789 a prime number?
True
Is 24323697551 composite?
True
Is 9163460837 composite?
False
Is 4360711597 a prime number?
False
Is 154755457 prime?
True
Is 1639516573 a composite number?
True
Is 306051283 a composite number?
False
Is 132832677631 prime?
False
Is 46138168457 a prime number?
False
Is 5764511541 a composite number?
True
Is 137094541 prime?
False
Is 66457381513 a prime number?
True
Is 64679633 composite?
False
Is 3971433707 prime?
False
Is 9631740179 prime?
True
Is 18343405919 a prime number?
True
Is 6590230841 prime?
True
Is 1586711894 a composite number?
True
Is 1344910433 prime?
False
Is 760541245 a composite number?
True
Is 18024095801 a prime number?
False
Is 39582583 a composite number?
False
Is 1041211651 prime?
True
Is 172418739 composite?
True
Is 100057469 a composite number?
False
Is 245850568679 a prime number?
False
Is 131143603 prime?
False
Is 62517273353 a composite number?
False
Is 90284519035 a prime number?
False
Is 1616043173 a composite number?
False
Is 28996114229 a prime number?
False
Is 5903065919 a prime number?
False
Is 6315580553 a composite number?
False
Is 15730346633 a prime number?
False
Is 19219600867 prime?
False
Is 974456863 composite?
True
Is 11127163 a composite number?
True
Is 3156876241 composite?
False
Is 20556563173 composite?
True
Is 370607779 composite?
True
Is 6965170327 a prime number?
False
Is 7497818351 a prime number?
True
Is 935841719 composite?
False
Is 17205425953 a composite number?
True
Is 19263441121 a composite number?
True
Is 813511231 composite?
True
Is 4470128161 a prime number?
True
Is 111595396559 a prime 